{"id":205,"date":"2020-01-10T18:18:07","date_gmt":"2020-01-10T17:18:07","guid":{"rendered":"http:\/\/foyer-tremplin.com\/wordpress\/?page_id=205"},"modified":"2020-01-31T16:21:12","modified_gmt":"2020-01-31T15:21:12","slug":"sport-adapte","status":"publish","type":"page","link":"http:\/\/foyer-tremplin.com\/wordpress\/?page_id=205","title":{"rendered":"Sport adapt\u00e9"},"content":{"rendered":"<section id=\"bt_bb_section69f50d2e7d9ab\" class=\"bt_bb_section bt_bb_layout_boxed_1600 bt_bb_vertical_align_top\"  data-bt-override-class=\"null\"><div class=\"bt_bb_port\"><div class=\"bt_bb_cell\"><div class=\"bt_bb_cell_inner\"><div class=\"bt_bb_row_wrapper\"><div  class=\"bt_bb_row\"  data-bt-override-class=\"{}\"><div  class=\"bt_bb_column col-xxl-12 col-xl-12 bt_bb_vertical_align_top bt_bb_align_left bt_bb_padding_normal bt_bb_animation_fade_in bt_bb_animation_move_right animate\"  data-width=\"12\" data-bt-override-class=\"{}\"><div class=\"bt_bb_column_content\"><div class=\"bt_bb_column_content_inner\"><div  class=\"bt_bb_text\" ><p><img loading=\"lazy\" decoding=\"async\" class=\"alignleft size-full wp-image-208\" src=\"http:\/\/foyer-tremplin.com\/wordpress\/wp-content\/uploads\/2020\/01\/asshv.jpg\" alt=\"\" width=\"352\" height=\"163\" srcset=\"http:\/\/foyer-tremplin.com\/wordpress\/wp-content\/uploads\/2020\/01\/asshv.jpg 352w, http:\/\/foyer-tremplin.com\/wordpress\/wp-content\/uploads\/2020\/01\/asshv-300x139.jpg 300w\" sizes=\"(max-width: 352px) 100vw, 352px\" \/><\/p>\n<p>L\u2019A.S.S.H.V. (Association Sport et Sant\u00e9 des Hautes Vosges) est une Association de Sport Adapt\u00e9. Elle offre \u00e0 toute personne en situation de handicap mental ou psychique, quels que soient ses d\u00e9sirs, ses capacit\u00e9s et ses besoins, la possibilit\u00e9 de vivre la passion du sport de son choix dans un environnement vou\u00e9 \u00e0 son plaisir, sa performance, sa s\u00e9curit\u00e9 et \u00e0 l&rsquo;exercice de sa citoyennet\u00e9.<\/p>\n<p>L\u2019A.S.S.H.V. propose 2 disciplines en comp\u00e9tition: Le Badminton et le Judo. En plus de ses 2 disciplines pouvant se pratiquer en loisir, elle propose d&rsquo;autres activit\u00e9s:\u00a0 La p\u00e9tanque, le basket, et des activit\u00e9s motrices. Ces activit\u00e9s s\u2019adressent \u00e0 des personnes qui ne peuvent de par leurs capacit\u00e9s intellectuelles, psychoaffectives, et physiques entrer dans une pratique sportive comp\u00e9titive.<\/p>\n<p>L\u2019 A.S.S.H.V. s\u2019inscrit aussi dans le cadre local, aupr\u00e8s de nombreuses activit\u00e9s (marches populaires, sorties v\u00e9lo, loisirs divers\u2026)<\/p>\n<p>L\u2019A.S.S.H.V. b\u00e9n\u00e9ficie du soutien de l\u2019Association Tremplin.<\/p>\n<p><strong>Les horaires:<\/strong><\/p>\n<p>Le lundi soir \u00e0 la salle Polyvalente de ST AME:\u00a0 Badminton, basket activit\u00e9s motrices, p\u00e9tanque (selon saison)<\/p>\n<p>Le mardi soir au Dojo du THOLY: Judo<\/p>\n<p>Le Jeudi au Gymnase du Tholy: Badminton<\/p>\n<p><strong>Contacts:<\/strong> Pascal COLLIN. Blandine ADAM \u00a0 \u00a0 \u00a0 \u00a0 \u00a0 \u00a0 \u00a0 \u00a0 \u00a0\u00a0 \u00a0\u00a0 <img loading=\"lazy\" decoding=\"async\" class=\"rg_ic rg_i\" src=\"https:\/\/encrypted-tbn0.gstatic.com\/images?q=tbn:ANd9GcRQdQlRZmTiVxpNu1KVZGInBWepfH5Ic7itm6q1sDIEWmVlm65fYg&amp;s\" alt=\"R\u00e9sultat de recherche d'images pour &quot;ffsa&quot;\" width=\"176\" height=\"60\" data-src=\"https:\/\/encrypted-tbn0.gstatic.com\/images?q=tbn:ANd9GcRQdQlRZmTiVxpNu1KVZGInBWepfH5Ic7itm6q1sDIEWmVlm65fYg&amp;s\" \/><\/p>\n<\/div><\/div><\/div><\/div><\/div><\/div><\/div><!-- cell_inner --><\/div><!-- cell --><\/div><!-- port --><\/section>","protected":false},"excerpt":{"rendered":"","protected":false},"author":2,"featured_media":0,"parent":0,"menu_order":0,"comment_status":"closed","ping_status":"closed","template":"","meta":{"footnotes":""},"_links":{"self":[{"href":"http:\/\/foyer-tremplin.com\/wordpress\/index.php?rest_route=\/wp\/v2\/pages\/205"}],"collection":[{"href":"http:\/\/foyer-tremplin.com\/wordpress\/index.php?rest_route=\/wp\/v2\/pages"}],"about":[{"href":"http:\/\/foyer-tremplin.com\/wordpress\/index.php?rest_route=\/wp\/v2\/types\/page"}],"author":[{"embeddable":true,"href":"http:\/\/foyer-tremplin.com\/wordpress\/index.php?rest_route=\/wp\/v2\/users\/2"}],"replies":[{"embeddable":true,"href":"http:\/\/foyer-tremplin.com\/wordpress\/index.php?rest_route=%2Fwp%2Fv2%2Fcomments&post=205"}],"version-history":[{"count":7,"href":"http:\/\/foyer-tremplin.com\/wordpress\/index.php?rest_route=\/wp\/v2\/pages\/205\/revisions"}],"predecessor-version":[{"id":253,"href":"http:\/\/foyer-tremplin.com\/wordpress\/index.php?rest_route=\/wp\/v2\/pages\/205\/revisions\/253"}],"wp:attachment":[{"href":"http:\/\/foyer-tremplin.com\/wordpress\/index.php?rest_route=%2Fwp%2Fv2%2Fmedia&parent=205"}],"curies":[{"name":"wp","href":"https:\/\/api.w.org\/{rel}","templated":true}]}}

Sport adapté

<section id="bt_bb_section69f50d2e7d9ab" class="bt_bb_section bt_bb_layout_boxed_1600 bt_bb_vertical_align_top"  data-bt-override-class="null"><div class="bt_bb_port"><div class="bt_bb_cell"><div class="bt_bb_cell_inner"><div class="bt_bb_row_wrapper"><div  class="bt_bb_row"  data-bt-override-class="{}"><div  class="bt_bb_column col-xxl-12 col-xl-12 bt_bb_vertical_align_top bt_bb_align_left bt_bb_padding_normal bt_bb_animation_fade_in bt_bb_animation_move_right animate"  data-width="12" data-bt-override-class="{}"><div class="bt_bb_column_content"><div class="bt_bb_column_content_inner"><div  class="bt_bb_text" ><p><img loading="lazy" decoding="async" class="alignleft size-full wp-image-208" src="http://foyer-tremplin.com/wordpress/wp-content/uploads/2020/01/asshv.jpg" alt="" width="352" height="163" srcset="http://foyer-tremplin.com/wordpress/wp-content/uploads/2020/01/asshv.jpg 352w, http://foyer-tremplin.com/wordpress/wp-content/uploads/2020/01/asshv-300x139.jpg 300w" sizes="(max-width: 352px) 100vw, 352px" /></p>
<p>L’A.S.S.H.V. (Association Sport et Santé des Hautes Vosges) est une Association de Sport Adapté. Elle offre à toute personne en situation de handicap mental ou psychique, quels que soient ses désirs, ses capacités et ses besoins, la possibilité de vivre la passion du sport de son choix dans un environnement voué à son plaisir, sa performance, sa sécurité et à l&rsquo;exercice de sa citoyenneté.</p>
<p>L’A.S.S.H.V. propose 2 disciplines en compétition: Le Badminton et le Judo. En plus de ses 2 disciplines pouvant se pratiquer en loisir, elle propose d&rsquo;autres activités:  La pétanque, le basket, et des activités motrices. Ces activités s’adressent à des personnes qui ne peuvent de par leurs capacités intellectuelles, psychoaffectives, et physiques entrer dans une pratique sportive compétitive.</p>
<p>L’ A.S.S.H.V. s’inscrit aussi dans le cadre local, auprès de nombreuses activités (marches populaires, sorties vélo, loisirs divers…)</p>
<p>L’A.S.S.H.V. bénéficie du soutien de l’Association Tremplin.</p>
<p><strong>Les horaires:</strong></p>
<p>Le lundi soir à la salle Polyvalente de ST AME:  Badminton, basket activités motrices, pétanque (selon saison)</p>
<p>Le mardi soir au Dojo du THOLY: Judo</p>
<p>Le Jeudi au Gymnase du Tholy: Badminton</p>
<p><strong>Contacts:</strong> Pascal COLLIN. Blandine ADAM                       <img loading="lazy" decoding="async" class="rg_ic rg_i" src="https://encrypted-tbn0.gstatic.com/images?q=tbn:ANd9GcRQdQlRZmTiVxpNu1KVZGInBWepfH5Ic7itm6q1sDIEWmVlm65fYg&amp;s" alt="Résultat de recherche d'images pour &quot;ffsa&quot;" width="176" height="60" data-src="https://encrypted-tbn0.gstatic.com/images?q=tbn:ANd9GcRQdQlRZmTiVxpNu1KVZGInBWepfH5Ic7itm6q1sDIEWmVlm65fYg&amp;s" /></p>
</div></div></div></div></div></div></div><!-- cell_inner --></div><!-- cell --></div><!-- port --></section>
